mmon divisor of 4414965 and 76245.
345
Calculate the highest common divisor of 9718826 and 18382.
2626
What is the greatest common divisor of 151763 and 475217?
47
Calculate the greatest common factor of 5608985 and 310.
155
What is the highest common divisor of 13320 and 607320?
360
Calculate the highest common divisor of 1557 and 704700795.
519
Calculate the highest common divisor of 30574089 and 504.
63
Calculate the greatest common divisor of 3543 and 16372203.
3543
What is the greatest common divisor of 269874 and 2726658?
9306
Calculate the highest common divisor of 16872 and 17300608.
296
What is the highest common factor of 669767 and 460208?
4109
What is the greatest common factor of 11754 and 1007579?
653
Calculate the highest common factor of 14529284 and 506.
506
What is the highest common divisor of 813272 and 1304?
8
Calculate the greatest common divisor of 295408520 and 8360.
440
What is the greatest common factor of 118780 and 2910?
10
Calculate the greatest common divisor of 56 and 1981812728.
56
Calculate the greatest common factor of 48 and 5590716.
12
Calculate the greatest common factor of 306 and 3429042426.
306
Calculate the highest common factor of 8035 and 8383719.
1607
What is the highest common divisor of 190 and 45145406?
38
What is the greatest common factor of 16093 and 3752056?
77
Calculate the highest common divisor of 347485 and 215.
5
What is the greatest common divisor of 451 and 12505328?
451
What is the greatest common factor of 1376774606 and 5242?
5242
Calculate the greatest common factor of 1284268 and 2232.
124
Calculate the highest common factor of 5265 and 409455.
405
Calculate the highest common divisor of 564520 and 507320.
440
Calculate the highest common factor of 16166 and 172516.
118
What is the greatest common factor of 3762 and 1378806?
66
Calculate the greatest common factor of 30408 and 2553186.
1086
What is the greatest common factor of 173060 and 460645?
2545
What is the greatest common factor of 6095299 and 116459?
917
What is the greatest common factor of 963753 and 238?
7
What is the greatest common factor of 1384 and 2155240?
8
What is the greatest common factor of 105 and 921725?
35
Calculate the highest common factor of 1629887 and 1813.
1813
What is the greatest common divisor of 251997 and 80731?
19
Calculate the highest common divisor of 3693 and 328377867.
3693
What is the greatest common divisor of 426575 and 10057?
113
What is the highest common factor of 1220 and 1268320?
20
What is the highest common divisor of 324 and 19751664?
12
Calculate the greatest common factor of 154692 and 17496.
36
What is the greatest common divisor of 1644 and 15905426?
274
What is the greatest common factor of 535537 and 22213?
97
Calculate the highest common factor of 299 and 3447953.
23
Calculate the greatest common divisor of 25739592 and 32996.
452
What is the highest common divisor of 435 and 664185?
15
What is the highest common divisor of 3075704 and 24424?
344
Calculate the greatest common factor of 1580507 and 8120764.
6613
Calculate the highest common divisor of 2661 and 3735.
3
What is the highest common factor of 1072337222 and 1758?
586
What is the greatest common divisor of 319284 and 14364?
252
What is the greatest common factor of 2284464 and 676?
52
Calculate the highest common divisor of 7103178 and 40080.
1002
Calculate the greatest common divisor of 28427 and 12570236.
917
What is the highest common divisor of 188668 and 3865876?
404
What is the greatest common divisor of 10388 and 167614090?
742
Calculate the greatest common factor of 643590279 and 162.
81
What is the highest common divisor of 24 and 599448?
24
What is the highest common factor of 1289934 and 594?
18
Calculate the greatest common divisor of 5302 and 337436.
22
What is the highest common divisor of 5494 and 3074426?
82
What is the greatest common factor of 453485565 and 4680?
585
Calculate the greatest common divisor of 17153741 and 11.
11
What is the highest common factor of 13454144 and 319?
319
Calculate the highest common factor of 1125330 and 150.
30
Calculate the highest common divisor of 308 and 2690688.
308
What is the highest common divisor of 21264 and 4553154?
2658
What is the highest common factor of 27 and 11889756?
9
Calculate the greatest common divisor of 36733 and 909563.
337
What is the highest common divisor of 1916427 and 629?
17
Calculate the greatest common divisor of 880 and 913321200.
880
What is the highest common divisor of 124907 and 76?
1
Calculate the highest common divisor of 337970 and 205.
5
What is the greatest common divisor of 199907 and 8299?
43
Calculate the highest common factor of 3498 and 1718508.
66
Calculate the highest common factor of 21152 and 1259866.
1322
Calculate the greatest common factor of 466804 and 4700.
188
Calculate the highest common factor of 18 and 7826886.
18
What is the highest common divisor of 875 and 11818555?
35
What is the highest common divisor of 3743 and 5639599?
19
Calculate the highest common factor of 213786 and 8568774.
5778
Calculate the greatest common divisor of 1075078 and 10058.
94
What is the greatest common factor of 173375486 and 335978?
10838
What is the greatest common divisor of 3598 and 1511958?
14
Calculate the highest common factor of 255 and 1169535.
15
What is the highest common factor of 3836249 and 77059?
293
Calculate the highest common factor of 383404 and 3556.
28
Calculate the greatest common factor of 24464 and 314111088.
2224
Calculate the greatest common factor of 1436 and 43715430.
718
What is the greatest common divisor of 846 and 278046?
18
Calculate the highest common divisor of 3166899 and 5064.
633
What is the greatest common divisor of 283598 and 480998?
658
What is the highest common divisor of 138099462 and 2211?
201
What is the greatest common divisor of 2604 and 61171432?
868
Calculate the greatest common factor of 553 and 123452.
7
Calculate the highest common divisor of 66144 and 4671264.
1248
What is the greatest common divisor of 2306390 and 81940?
170
Calculate the greatest common divisor of 4152 and 149970.
6
Calculate the highest common factor of 2896144 and 199144.
248
Calculate the highest common factor of 568225 and 1904.
119
Calculate the greatest common divisor of 90111 and 43696479.
1839
What is the greatest common factor of 5835917 and 86?
43
Calculate the greatest common divisor of 2070016 and 25191.
311
What is the greatest common factor of 410556 and 258?
6
What is the greatest common divisor of 320996 and 11596?
52
What is the highest common factor of 1386 and 19968102?
1386
Calculate the greatest common divisor of 23 and 233784029.
23
What is the greatest common divisor of 1295754 and 846?
6
What is the highest common factor of 60143 and 31921?
137
What is the highest common factor of 41283 and 691581?
33
What is the greatest common factor of 239054 and 276974?
158
What is the highest common divisor of 6187012 and 82732?
2236
What is the greatest common factor of 12464 and 9220244?
3116
What is the greatest common divisor of 17934 and 35714646?
366
What is the highest common divisor of 998 and 81442289?
499
What is the highest common factor of 2445556 and 1504?
4
Calculate the highest common divisor of 208696006 and 29.
29
Calculate the greatest common factor of 16008168 and 96.
24
What is the greatest common divisor of 31375 and 4369910?
1255
Calculate the greatest common factor of 33 and 66869.
11
Calculate the highest common divisor of 768 and 6156736.
64
What is the greatest common divisor of 1020024 and 1550?
62
Calculate the greatest common factor of 365968 and 9416912.
1424
Calculate the highest common factor of 51883 and 8125.
13
What is the greatest common divisor of 56358 and 15879321?
909
Calculate the greatest common divisor of 39253 and 202598587.
2309
Calculate the highest common factor of 34089266 and 46.
46
Calculate the greatest common factor of 20280 and 39324.
12
What is the greatest common factor of 13780 and 4028089?
13
What is the greatest common divisor of 1804 and 4745668?
164
What is the greatest common factor of 73711 and 1705?
11
Calculate the highest common factor of 2 and 3168046.
2
What is the greatest common factor of 406235280 and 180?
60
Calculate